
False
Is 30224745 even?
False
Is 80 a factor of 46952080?
True
Does 2327 divide 619119293?
True
Is 24453056 a multiple of 7?
False
Does 40 divide 811411480?
True
Is 7047 a factor of 2265986304?
False
Is 8 a factor of 656954736?
True
Is 1176 a factor of 4219188120?
True
Is 108516220 a multiple of 380?
True
Does 117 divide 736122465?
True
Is 32 a factor of 45965638?
False
Is 54142231 a multiple of 20?
False
Does 706 divide 35366364?
True
Is 705652748 a multiple of 3042?
False
Is 35 a factor of 482183027?
False
Is 1239972793 a multiple of 468?
False
Does 171 divide 344531313?
True
Is 1795527831 a multiple of 1361?
True
Is 15 a factor of 289706183?
False
Does 834 divide 1118179662?
True
Does 17 divide 120434272?
False
Does 548 divide 433289816?
False
Is 214046440 a multiple of 8?
True
Is 198672962 a multiple of 1358?
False
Is 67 a factor of 3018298?
False
Is 438 a factor of 11839578?
True
Is 15 a factor of 238952910?
True
Is 21798169 a multiple of 195?
False
Does 2349 divide 40111524?
True
Is 38536875 a multiple of 155?
True
Is 349 a factor of 8109795?
False
Is 168377928 a multiple of 148?
False
Is 266 a factor of 20751990?
True
Is 227979868 a multiple of 1397?
False
Does 3 divide 863338034?
False
Does 30 divide 7025070?
True
Does 1049 divide 43499932?
True
Does 35 divide 499238355?
True
Does 67 divide 46778581?
False
Is 319527981 a multiple of 2?
False
Is 26935680 a multiple of 40?
True
Is 3811562 a multiple of 6?
False
Is 5 a factor of 5249175?
True
Is 2611 a factor of 190729980?
False
Is 4163 a factor of 261784532?
False
Is 1073810533 a multiple of 37?
False
Is 1498341130 a multiple of 650?
False
Does 158 divide 123160052?
True
Does 998 divide 14094754?
True
Does 3231 divide 2595720780?
True
Does 2051 divide 7232527?
False
Does 3978 divide 645836256?
True
Is 61 a factor of 40719147?
True
Is 112985093 a multiple of 787?
False
Does 292 divide 239946335?
False
Does 6 divide 21532755?
False
Is 2118664270 a multiple of 3200?
False
Is 71262593 a multiple of 1248?
False
Is 10 a factor of 159548060?
True
Is 3 a factor of 659280131?
False
Is 63 a factor of 1049982289?
False
Is 104368638 a multiple of 869?
True
Does 13 divide 160642248?
True
Does 231 divide 17019197?
False
Is 3 a factor of 60472221?
True
Does 14 divide 194405064?
True
Is 67568340 a multiple of 420?
True
Is 240 a factor of 15436602?
False
Does 49 divide 151075820?
True
Is 7 a factor of 44399278?
True
Is 8693888 a multiple of 4?
True
Is 255 a factor of 13517951?
False
Is 33 a factor of 359411426?
False
Is 58898670 a multiple of 541?
True
Is 11 a factor of 611584622?
True
Is 850 a factor of 918877200?
True
Does 24 divide 59131104?
True
Does 83 divide 1043023?
False
Is 10 a factor of 192537191?
False
Does 9 divide 1270358461?
False
Is 6 a factor of 592941643?
False
Does 61 divide 27190506?
True
Does 649 divide 36826930?
False
Is 18 a factor of 131931324?
True
Does 65 divide 875492280?
True
Is 3709933920 a multiple of 3522?
True
Does 18 divide 72906552?
True
Is 19056455 a multiple of 52?
False
Is 60 a factor of 58408920?
True
Does 39 divide 678965995?
False
Is 13 a factor of 1184971773?
False
Is 6352 a factor of 843410478?
False
Is 13168166 a multiple of 379?
False
Is 111744700 a multiple of 571?
True
Is 1919619408 a multiple of 5221?
False
Is 78 a factor of 7178422914?
True
Is 220 a factor of 64337460?
True
Is 1871766968 a multiple of 18?
False
Does 7635 divide 2057342370?
True
Does 14 divide 103141753?
False
Is 4655244857 a multiple of 75?
False
Is 505639981 a multiple of 371?
True
Is 27 a factor of 1496935107?
True
Does 122 divide 8691004?
False
Is 9 a factor of 129156489?
True
Does 438 divide 11966621?
False
Does 95 divide 56392855?
True
Is 278093460 a multiple of 30?
True
Is 310 a factor of 2156138040?
True
Is 211 a factor of 2069699?
True
Is 195 a factor of 21002865?
True
Is 100 a factor of 495142600?
True
Does 28 divide 515508752?
False
Does 5 divide 6113895?
True
Is 110 a factor of 97689984?
False
Is 21 a factor of 57578503?
False
Is 23 a factor of 182373486?
True
Is 24786484 a multiple of 15?
False
Is 51317660 a multiple of 4?
True
Does 23 divide 68142637?
False
Is 35 a factor of 6987925?
True
Is 24 a factor of 154192128?
True
Does 13 divide 273180961?
False
Is 27 a factor of 32191819?
False
Is 259875507 a multiple of 3543?
True
Is 21 a factor of 64712571?
True
Does 57 divide 3196949?
False
Is 606076121 a multiple of 6569?
False
Does 43 divide 325543564?
False
Is 52 a factor of 34489208?
True
Is 299598105 a multiple of 13?
False
Is 25906404 a multiple of 4?
True
Is 46 a factor of 3784328?
True
Is 650 a factor of 183695850?
True
Is 18037935 a multiple of 153?
True
Does 195 divide 254377500?
True
Is 1500823116 a multiple of 156?
True
Is 918 a factor of 267678702?
True
Does 12 divide 2537870?
False
Is 16 a factor of 1794103850?
False
Is 6 a factor of 94235040?
True
Is 47 a factor of 7620533?
True
Does 9 divide 25631189?
False
Is 24 a factor of 20775314?
False
Does 7913 divide 514313348?
True
Is 1565259910 a multiple of 266?
False
Is 1241 a factor of 51566032?
True
Is 6169286228 a multiple of 28?
True
Is 35072723 a multiple of 7?
True
Does 2113 divide 144571252?
False
Is 9866339 a multiple of 132?
False
Is 104157630 a multiple of 270?
True
Is 3224 a factor of 308586760?
False
Does 83 divide 860378?
True
Is 3 a factor of 933730?
False
Is 818 a factor of 197731050?
True
Is 10373888 a multiple of 49?
True
Is 112 a factor of 77044514?
False
Is 4378800 a multiple of 656?
True
Does 1148 divide 177189505?
False
Does 292 divide 72536888?
True
Does 6259 divide 963779597?
True
Is 776657373 a multiple of 12437?
False
Is 1066 a factor of 367741791?
False
Does 604 divide 54192692?
True
Is 5677963 a multiple of 874?
False
Is 13 a factor of 1481456405?
True
Does 405 divide 342716956?
False
Is 68038849 a multiple of 51?
False
Is 69786463 a multiple of 36?
False
Does 3652 divide 1741009070?
False
Is 88 a factor of 1484598734?
False
Does 63 divide 112720293?
True
Does 99 divide 218317671?
True
Does 256 divide 72724706?
False
Is 19719472 a multiple of 479?
True
Is 101756298 a multiple of 21?
True
Is 184959890 a multiple of 3489?
False
Is 1347246180 a multiple of 2163?
True
Is 16 a factor of 122560192?
True
Is 16856478 a multiple of 1253?
False
Is 41 a factor of 3649204?
False
Is 5 a factor of 33527245?
True
Does 16 divide 14536701?
False
Does 4 divide 210149678?
False
Is 193827681 a multiple of 295?
False
Is 40 a factor of 163515640?
True
Is 15 a factor of 42960373?
False
Is 85275791 a multiple of 6?
False
Is 50 a factor of 734784050?
True
Is 506546407 a multiple of 95?
False
Is 61330040 a multiple of 43?
True
Is 30 a factor of 122348838?
False
Is 11 a factor of 528036?
False
Is 175 a factor of 10508750?
True
Is 207205287 a multiple of 355?
False
Is 1039785216 a multiple of 256?
True
Is 135057978 a multiple of 46?
True
Is 131 a factor of 41363902?
False
Is 3068 a factor of 2273004089?
False
Is 5373604 a multiple of 201?
False
Is 14 a factor of 36007913?
False
Is 12 a factor of 489951401?
False
Is 17748026 a multiple of 448?
False
Does 581 divide 2791424958?
True
Is 679 a factor of 21804048?
True
Does 85 divide 3323116055?
True
Does 1959 divide 60662299?
False
Is 19 a factor of 505791069?
False
Does 7195 divide 95945325?
True
Is 663 a factor of 138940269?
True
Is 93113533 a multiple of 65?
False
Is 208444910 a multiple of 10?
True
Is 26 a factor of 236086882?
False
Is 120588520 a multiple of 52?
True
Does 1914 divide 55615275?
False
Does 81 divide 18082926?
True
Does 63 divide 227934?
True
Is 4577335 a multiple of 2669?
True
Is 193550274 a multiple of 102?
False
Does 366 divide 24838956?
True
Is 127506017 a multiple of 37?
False
Does 634 divide 61965260?
False
Is 187 a factor of 23544235?
True
Is 2298772 a multiple of 2204?
True
Does 70 divide 19248320?
True
Does 90 divide 230294334?
False
Is 555 a factor of 36928590?
True
Does 17 divide 6438207?
False
Is 76 a factor of 16709360?
True
Is 13 a factor of 449034560?
True
Does 409 divide 105023922?
False
Does 80 divide 209975011?
False
Is 53678718 a multiple of 11?
False
Is 125 a factor of 727596625?
True
Does 28 divide 1953196?
True
Is 10 a factor of 2518162?
False
Is 17371458 a multiple of 26?
True
Does 410 divide 295611640?
True
Is 16010300 a multiple 